Let n be (r/(-6))/((-5)/(-10)). Suppose 13 = 3*z + n. Calculate the greatest common divisor of 5 and z.
1
Suppose -3*n - n + 36 = 0. Let r be n/((-27)/(-84)) - -4. What is the highest common divisor of r and 128?
32
Let d(n) = -n**2 + 8*n + 13. Let z be d(9). Suppose 0*i - z*i = -60. Let r be (-168)/(-10) + 3/i. What is the greatest common factor of 51 and r?
17
Suppose -t + 11 = 2. Suppose t*a - 7*a - 4 = 0. What is the highest common divisor of a and 14?
2
Let h = -532 + 535. Calculate the highest common factor of 129 and h.
3
Suppose -v = 0, -92 = -q - 0*v - 5*v. Calculate the greatest common divisor of q and 322.
46
Let i be (23 + -4 + 3)*(-72)/(-48). Calculate the greatest common divisor of i and 803.
11
Let o(z) = z**2 - 10*z + 1. Let d(n) = n**2 - 9*n + 2. Let m(u) = 5*d(u) - 4*o(u). Let p be m(6). What is the highest common divisor of 30 and p?
6
Suppose 3*m - 60 = -0*m + 5*h, 39 = 3*m + 2*h. Let k = -114 + 119. Calculate the highest common factor of m and k.
5
Let o(q) = 10*q**2 + q. Let j be o(-1). Let r = 6 + j. Suppose -12*w = 2*g - 8*w - 330, w - 495 = -3*g. What is the highest common factor of r and g?
15
Let a(d) = 2*d**2 - 34*d + 140. Let s be a(19). Calculate the highest common divisor of s and 162.
54
Let l = -7 + 12. Let g(m) = m**2 - 3*m - 5. Let d be g(l). Suppose d*z = 86 + 29. Calculate the greatest common divisor of 161 and z.
23
Suppose -3*l + n = -328, 2*n = -l + 7*n + 128. What is the highest common factor of 27 and l?
27
Let v(y) = -y**3 - 10*y**2 - 15*y - 18. Let i be v(-8). Let z(g) = -4*g - 27. Let w be z(i). What is the greatest common factor of 33 and w?
11
Let f = 119 - 87. Suppose 2*l - u - 9 = -0*u, 5*u - f = -l. What is the greatest common divisor of 63 and l?
7
Let k(w) = -w**3 - 2*w**2 + 2*w + 3. Let t be k(-3). Let g(f) = 4*f + 4. Let h be g(t). Suppose 954 = -8*n + 986. What is the highest common factor of n and h?
4
Let j be (-4 - (-558)/12) + 1/(-2). What is the greatest common divisor of 336 and j?
42
Suppose 5*a + 4*l = 5157, -6 - 3 = -3*l. What is the highest common factor of 98 and a?
49
Suppose -2*f + 4*u = -6, -4*f + 19 = -5*u + 10. Calculate the greatest common factor of 17 and f.
1
Suppose -2*g + 5*s = -621 - 31, 10 = -5*s. Let v be g/(-9)*-3 + 11 + -7. Calculate the highest common factor of v and 74.
37
Suppose 0 = -4*v + y - 2*y + 1182, 586 = 2*v + 3*y. What is the greatest common factor of v and 8?
8
Let w = -2356 + 3571. Calculate the greatest common divisor of 45 and w.
45
Suppose 33 = -16*b + 81. Suppose 2*j + 0 = -3*r - 7, 0 = 2*j + r - b. Suppose 7 = -2*s + 31. What is the highest common divisor of s and j?
4
Let a(g) = -g**2 - 10*g + 2. Let k be a(-8). Let i = k + -11. Let y be 7/(7/33) + 2. What is the highest common factor of i and y?
7
Suppose 18 = -2*k + 4*d, -4*d + d = -4*k - 11. Suppose 0 = -y - 2*l - k, -1 - 3 = 2*l. Let w = -50 + 71. Calculate the highest common factor of y and w.
3
Let p(i) = -9*i - 466. Let m(a) = -2*a - 93. Let n(k) = -11*m(k) + 2*p(k). Let t be n(11). Calculate the greatest common divisor of 15 and t.
15
Let w(l) = l**3 - 2*l**2 - 3*l. Let q be w(-2). Let s be (-80)/(-3)*(-30)/q. Suppose c = 6*c - s. What is the greatest common divisor of c and 80?
16
Let x be (64/6)/((-24)/(-36)). Let k be -25*(-3)/(60/x). What is the greatest common divisor of 30 and k?
10
Let s(a) = -1760*a + 16. Let q be s(5). Let c be q/(-312) + 4/(-26). Suppose -6 = -3*m + 15. What is the highest common factor of c and m?
7
Let t = 87 + -87. Let w be (1 + 2 - t) + 1. Calculate the greatest common divisor of w and 10.
2
Let w = -22 + 44. What is the highest common factor of w and 704?
22
Suppose 57 = 3*y - 0*y. Suppose 0 = y*b - 23*b + 64. Calculate the highest common divisor of 96 and b.
16
Suppose -u - 4*h + 5 = -2*h, -u - 3*h = -3. Let a be 97 - (0 - (-4)/(-2)). Calculate the greatest common divisor of u and a.
9
Let w be (0/(-1))/(10/10) + 4. Let f be (229/(-4))/((-5)/20). Suppose -5*u + f - 49 = 0. What is the highest common divisor of u and w?
4
Let h = 467 - 449. What is the highest common factor of 81 and h?
9
Let c be 2 + (-10)/15 - 64/(-24). Calculate the highest common divisor of c and 1136.
4
Let d be (-3340)/(-38) - 2/(-19). What is the greatest common divisor of 176 and d?
88
Suppose -f + 2*l + 85 = 0, 4*f = 7*l - 2*l + 343. Let q = -54 + f. What is the highest common factor of q and 44?
11
Suppose -12768 = -31*t + 12*t. Calculate the highest common factor of t and 288.
96
Suppose -4*v + 7*i - 11*i = -24, 0 = -4*v + i - 1. Calculate the greatest common divisor of 50 and v.
1
Suppose j - 21 = -0*j. Let r = j + -17. Calculate the greatest common factor of 4 and r.
4
Suppose 104 = -4*g + 24. Let c = -14 - g. What is the greatest common factor of c and 3?
3
Suppose -45 = -37*q + 36*q. Let d(r) = -2*r - 10. Let m be d(-8). Suppose -2*h = -36 + m. What is the greatest common factor of q and h?
15
Let c(t) = -2*t**3 - 3*t**2 + 5*t + 1. Let s be c(-5). Let l = s + -72. Let k = l - 43. What is the greatest common factor of k and 12?
12
Suppose -4*h + 12 = -8*h, 2*d - 4*h - 28 = 0. Let q = 11 - 17. Let w(y) = y**2 + 4*y - 4. Let a be w(q). Calculate the highest common divisor of d and a.
8
Let s be 8/14 + 3456/126. Let d be (-2 - (-116)/16)*64. Let w be ((-1)/2)/((-4)/d). Calculate the greatest common factor of w and s.
14
Suppose -46 = 5*a + 14. Let b be (-36)/a + (-3)/1. Suppose l - 2*l + 70 = b. Calculate the greatest common factor of 28 and l.
14
Suppose s - 5*l = 13, -5*l - 30 = 4*s - 132. Calculate the greatest common divisor of 529 and s.
23
Suppose 14 = h + 23*t - 18*t, t - 18 = -4*h. What is the highest common factor of h and 50?
2
Suppose 660 = -6*z + 10*z. What is the greatest common divisor of z and 30?
15
Let q be (-104)/260 + 212/5. What is the highest common factor of q and 3?
3
Suppose 8*l + 307 = 9*l. Suppose 5*z - v + 505 = 2022, -z = v - l. Calculate the highest common divisor of z and 38.
38
Let p(t) = -t - 4. Let f be p(5). Let s be ((-18)/8)/(f/432). Let k = 135 - 108. What is the highest common divisor of s and k?
27
Suppose -23*m + 18*m + 255 = 0. Calculate the highest common divisor of 255 and m.
51
Let i(j) = j**2 - 3*j - 8. Let l be i(5). Let x = 12 - l. Let w = 6 - 2. What is the greatest common factor of w and x?
2
Let d = 1025 + -600. What is the highest common divisor of 34 and d?
17
Let f be (-3 - -2)/((-2)/(-68)). Let v be 4/1*f/(-8). Let j = -12 + v. What is the greatest common divisor of j and 45?
5
Suppose -2*s = -4*s + 6. Suppose 2*p - 60 = -10*p. Suppose -p*r = -s*r - 22. What is the greatest common factor of r and 11?
11
Let k = -104 + 109. Suppose 0 = k*z - 3*u - 174, 4*z - u - 213 = -78. Calculate the greatest common factor of 3 and z.
3
Suppose -3 = q - 6. Suppose -4*k + 163 = -2*s + 3, q*k + 4*s - 120 = 0. What is the highest common divisor of 40 and k?
40
Suppose -2*q = 2*n - 4, -2*q - q + 2*n = 9. Let z(v) = 15*v**2 - v. Let u be z(q). Calculate the greatest common factor of u and 32.
16
Suppose 221*w = 226*w - 2500. Calculate the greatest common divisor of 80 and w.
20
Let w(t) = -t**2 + 10*t - 19. Let r be w(4). Let s be 45*r/((-75)/(-6)). What is the greatest common factor of 54 and s?
18
Let k be 71/((35/(-20))/(-7)). Calculate the greatest common divisor of k and 213.
71
Let f = -10 + 12. Suppose -l = 2*x - 11, -3*l - 3*x = f*l - 34. Suppose -196 = 3*c - l*c. What is the highest common factor of 14 and c?
14
Let n = -88 - -47. Let y = -27 - n. What is the highest common factor of y and 126?
14
Let b = -1554 - -1566. What is the greatest common factor of b and 3156?
12
Let f be (27/(-9))/((-2)/8). Let d(l) = -4*l + 4*l + l + f. Let k be d(10). What is the greatest common factor of 2 and k?
2
Let f = -95 + 142. Let d = -45 + f. What is the highest common divisor of 1 and d?
1
Suppose -5*t + 4 + 96 = 4*g, t = -4. Let v = 135 - g. Let o = -73 - -108. What is the highest common factor of o and v?
35
Let i be 990/75*20/(-6). Let b = -32 - i. Let s be 174/b + 9/(-6). Calculate the highest common factor of s and 26.
13
Let d(f) = -f**2 + 3. Let m be d(4). Let i(k) = -k**2 - 14*k - 3. Let v be i(m). What is the greatest common divisor of 15 and v?
5
Let y(m) = 94*m - 29. Let s be y(1). What is the greatest common factor of s and 91?
13